{"id":1058,"date":"2025-11-10T21:15:53","date_gmt":"2025-11-11T00:15:53","guid":{"rendered":"https:\/\/carro.blog.br\/ficha-tecnica\/?page_id=1058"},"modified":"2025-11-10T21:28:39","modified_gmt":"2025-11-11T00:28:39","slug":"fiat-argo-2026","status":"publish","type":"page","link":"https:\/\/carro.blog.br\/ficha-tecnica\/fiat\/fiat-argo\/fiat-argo-2026","title":{"rendered":"Fiat Argo 2026"},"content":{"rendered":"<ul>\n<li><a href=\"https:\/\/carro.blog.br\/qual-e-o-consumo-do-fiat-argo-1-0-manual-conheca-a-versao-de-entrada.html\">Fiat Argo 1.0 Firefly Flex Manual 2026<\/a> (001509-1)<\/li>\n<li><a href=\"https:\/\/carro.blog.br\/fiat-argo-drive-1-0-2026-manual-ficha-tecnica-preco-consumo-equipamentos-e-fotos-hatch-faz-14-km-l-e-tem-autonomia-de-ate-650-km-ideal-para-o-dia-a-dia-urbano.html\">Fiat Argo 1.0 Firefly Flex Drive Manual 2026<\/a> (001494-0)<\/li>\n<li><a href=\"https:\/\/carro.blog.br\/fiat-argo-drive-1-3-at-2026-equipamentos-consumo-ficha-tecnica-fotos-e-preco-cambio-automatico-prioriza-suavidade-no-transito-e-reduz-o-consumo.html\">Fiat Argo 1.3 Firefly Flex Drive CVT 2026<\/a> (001561-0)<\/li>\n<li><a href=\"https:\/\/carro.blog.br\/fiat-argo-trekking-1-3-2026-manual-preco-ficha-tecnica-consumo-equipamentos-e-fotos-hatch-tem-suspensao-elevada-encara-buracos-e-e-bom-para-o-dia-a-dia-e-pequenas-viagens.html\">Fiat Argo 1.3 Firefly Flex Trekking Manual 2026<\/a> (001519-9)<\/li>\n<li><a href=\"https:\/\/carro.blog.br\/ficha-tecnica\/fiat\/fiat-argo\/fiat-argo-2026\/fiat-argo-trekking-1-3-at-2026-preco-ficha-tecnica-consumo-equipamentos-e-fotos\">Fiat Argo 1.3 Firefly Flex Trekking CVT 2026<\/a> (001562-8)<\/li>\n<\/ul>\n<h2>Fiat Argo 2026 mant\u00e9m relev\u00e2ncia no segmento de hatches<\/h2>\n<figure id=\"attachment_170484\" aria-describedby=\"caption-attachment-170484\" style=\"width: 900px\" class=\"wp-caption aligncenter\"><img loading=\"lazy\" decoding=\"async\" src=\"https:\/\/carro.blog.br\/wp-content\/uploads\/2025\/08\/fiat-argo-2026-900x577.webp\" alt=\"Com novas vers\u00f5es e foco em conectividade, o Fiat Argo 2026 busca manter relev\u00e2ncia no mercado de hatches, oferecendo op\u00e7\u00f5es para variados perfis.\" width=\"900\" height=\"577\" class=\"size-thumbnail wp-image-170484\" \/><figcaption id=\"caption-attachment-170484\" class=\"wp-caption-text\">Com novas vers\u00f5es e foco em conectividade, o Fiat Argo 2026 busca manter relev\u00e2ncia no mercado de hatches, oferecendo op\u00e7\u00f5es para variados perfis.<\/figcaption><\/figure>\n<p>O <a href=\"https:\/\/carro.blog.br\/tudo-sobre-o-novo-fiat-argo-2026-confira-o-que-mudou-precos-e-versoes-do-hatch.html\">Fiat Argo 2026<\/a> chega ao mercado com pequenas atualiza\u00e7\u00f5es que refor\u00e7am sua posi\u00e7\u00e3o entre os hatches mais vendidos do Brasil. O modelo preserva a proposta de ser um carro vers\u00e1til, equilibrando design moderno, tecnologia embarcada e efici\u00eancia no uso urbano. Entre as novidades est\u00e3o os far\u00f3is com assinatura em LED e conectividade sem fio para Android Auto e Apple CarPlay, ampliando a comodidade dos motoristas.<\/p>\n<p>As vers\u00f5es dispon\u00edveis atendem diferentes perfis de consumidores. O Argo 1.0 \u00e9 voltado para quem busca economia e simplicidade no dia a dia, enquanto a configura\u00e7\u00e3o Drive acrescenta mais itens de conforto e praticidade. J\u00e1 a vers\u00e3o Drive 1.3 com c\u00e2mbio autom\u00e1tico CVT \u00e9 pensada para quem deseja maior desempenho aliado \u00e0 comodidade da transmiss\u00e3o autom\u00e1tica, oferecendo ainda recursos como piloto autom\u00e1tico e modo Sport.<\/p>\n<p>A vers\u00e3o Trekking 1.3 AT ocupa o topo da linha, trazendo proposta aventureira para quem gosta de estilo mais robusto sem abrir m\u00e3o da conectividade e do conforto. Com esse portf\u00f3lio, o Argo 2026 segue atendendo desde motoristas que procuram um hatch de entrada at\u00e9 consumidores que valorizam um carro compacto mais equipado, adaptando-se a diferentes rotinas e necessidades.<\/p>\n","protected":false},"excerpt":{"rendered":"<p>Fiat Argo 1.0 Firefly Flex Manual 2026 (001509-1) Fiat Argo 1.0 Firefly Flex Drive Manual 2026 (001494-0) Fiat Argo 1.3 Firefly Flex Drive CVT 2026 (001561-0) Fiat Argo 1.3 Firefly Flex Trekking Manual 2026 (001519-9) Fiat Argo 1.3 Firefly Flex Trekking CVT 2026 (001562-8) Fiat Argo 2026 mant\u00e9m relev\u00e2ncia no segmento de hatches O Fiat [&hellip;]<\/p>\n","protected":false},"author":1,"featured_media":0,"parent":1054,"menu_order":0,"comment_status":"closed","ping_status":"closed","template":"","meta":{"footnotes":""},"class_list":["post-1058","page","type-page","status-publish","hentry"],"_links":{"self":[{"href":"https:\/\/carro.blog.br\/ficha-tecnica\/wp-json\/wp\/v2\/pages\/1058","targetHints":{"allow":["GET"]}}],"collection":[{"href":"https:\/\/carro.blog.br\/ficha-tecnica\/wp-json\/wp\/v2\/pages"}],"about":[{"href":"https:\/\/carro.blog.br\/ficha-tecnica\/wp-json\/wp\/v2\/types\/page"}],"author":[{"embeddable":true,"href":"https:\/\/carro.blog.br\/ficha-tecnica\/wp-json\/wp\/v2\/users\/1"}],"replies":[{"embeddable":true,"href":"https:\/\/carro.blog.br\/ficha-tecnica\/wp-json\/wp\/v2\/comments?post=1058"}],"version-history":[{"count":3,"href":"https:\/\/carro.blog.br\/ficha-tecnica\/wp-json\/wp\/v2\/pages\/1058\/revisions"}],"predecessor-version":[{"id":1095,"href":"https:\/\/carro.blog.br\/ficha-tecnica\/wp-json\/wp\/v2\/pages\/1058\/revisions\/1095"}],"up":[{"embeddable":true,"href":"https:\/\/carro.blog.br\/ficha-tecnica\/wp-json\/wp\/v2\/pages\/1054"}],"wp:attachment":[{"href":"https:\/\/carro.blog.br\/ficha-tecnica\/wp-json\/wp\/v2\/media?parent=1058"}],"curies":[{"name":"wp","href":"https:\/\/api.w.org\/{rel}","templated":true}]}}