{"id":1279,"date":"2025-11-11T13:16:29","date_gmt":"2025-11-11T16:16:29","guid":{"rendered":"https:\/\/carro.blog.br\/ficha-tecnica\/?page_id=1279"},"modified":"2025-11-11T13:16:29","modified_gmt":"2025-11-11T16:16:29","slug":"toyota-corolla-cross-special-edition-hybrid-1-8-2022-preco-ficha-tecnica-consumo-equipamentos-e-fotos","status":"publish","type":"page","link":"https:\/\/carro.blog.br\/ficha-tecnica\/toyota\/toyota-corolla-cross\/toyota-corolla-cross-2022\/toyota-corolla-cross-special-edition-hybrid-1-8-2022-preco-ficha-tecnica-consumo-equipamentos-e-fotos","title":{"rendered":"Toyota Corolla Cross Special Edition Hybrid 1.8 2022: Pre\u00e7o, Ficha t\u00e9cnica, Consumo, Equipamentos e Fotos"},"content":{"rendered":"<h2 id=\"ficha-tecnica-toyota-corolla-cross-2022\">Ficha T\u00e9cnica do Toyota Corolla Cross Special Edition Hybrid 1.8 2022<\/h2>\n<figure id=\"attachment_1294\" aria-describedby=\"caption-attachment-1294\" style=\"width: 900px\" class=\"wp-caption aligncenter\"><img loading=\"lazy\" decoding=\"async\" src=\"https:\/\/carro.blog.br\/ficha-tecnica\/wp-content\/uploads\/2025\/11\/Toyota-Corolla-Cross-XRX-Hybrid-1.8-2022-10-900x599.webp\" alt=\"Compacto, confort\u00e1vel e eficiente, o Corolla Cross Hybrid 1.8 2022 \u00e9 ideal para fam\u00edlias que buscam economia e tecnologia sem abrir m\u00e3o de conforto e seguran\u00e7a.\" width=\"900\" height=\"599\" class=\"size-thumbnail wp-image-1294\" srcset=\"https:\/\/carro.blog.br\/ficha-tecnica\/wp-content\/uploads\/2025\/11\/Toyota-Corolla-Cross-XRX-Hybrid-1.8-2022-10-350x233.webp 350w, https:\/\/carro.blog.br\/ficha-tecnica\/wp-content\/uploads\/2025\/11\/Toyota-Corolla-Cross-XRX-Hybrid-1.8-2022-10-150x100.webp 150w\" sizes=\"auto, (max-width: 900px) 100vw, 900px\" \/><figcaption id=\"caption-attachment-1294\" class=\"wp-caption-text\">Compacto, confort\u00e1vel e eficiente, o Corolla Cross Hybrid 1.8 2022 \u00e9 ideal para fam\u00edlias que buscam economia e tecnologia sem abrir m\u00e3o de conforto e seguran\u00e7a.<\/figcaption><\/figure>\n<h3 id=\"fichatecnica\">Geral<\/h3>\n<table>\n<tr>\n<th>Ano<\/th>\n<td>2022<\/td>\n<\/tr>\n<tr>\n<th>Propuls\u00e3o<\/th>\n<td>H\u00edbrido<\/td>\n<\/tr>\n<tr>\n<th>Combust\u00edvel<\/th>\n<td>Flex (\u00e1lcool\/gasolina)<\/td>\n<\/tr>\n<tr>\n<th>Proced\u00eancia<\/th>\n<td>Nacional<\/td>\n<\/tr>\n<tr>\n<th>Configura\u00e7\u00e3o<\/th>\n<td>SUV<\/td>\n<\/tr>\n<tr>\n<th>Porte<\/th>\n<td>M\u00e9dio<\/td>\n<\/tr>\n<tr>\n<th>Lugares<\/th>\n<td>5<\/td>\n<\/tr>\n<tr>\n<th>Portas<\/th>\n<td>4<\/td>\n<\/tr>\n<tr>\n<th>Plataforma<\/th>\n<td>TNGA<\/td>\n<\/tr>\n<tr>\n<th>Plataforma<\/th>\n<td>TNGA<\/td>\n<\/tr>\n<\/table>\n<h3>Pre\u00e7o Aproximado<\/h3>\n<table>\n<tr>\n<th>Valor aproximado<\/th>\n<td id=\"opreco\">R$ 151.164<\/td>\n<\/tr>\n<\/table>\n<h3>Motor<\/h3>\n<table>\n<tr>\n<th>Instala\u00e7\u00e3o<\/th>\n<td>Dianteiro<\/td>\n<\/tr>\n<tr>\n<th>Aspira\u00e7\u00e3o<\/th>\n<td>Natural<\/td>\n<\/tr>\n<tr>\n<th>Disposi\u00e7\u00e3o<\/th>\n<td>Transversal<\/td>\n<\/tr>\n<tr>\n<th>Alimenta\u00e7\u00e3o<\/th>\n<td>Inje\u00e7\u00e3o multiponto<\/td>\n<\/tr>\n<tr>\n<th>Cilindros<\/th>\n<td>4 em linha<\/td>\n<\/tr>\n<tr>\n<th>Comando de v\u00e1lvulas<\/th>\n<td>Duplo no cabe\u00e7ote<\/td>\n<\/tr>\n<tr>\n<th>Varia\u00e7\u00e3o do comando<\/th>\n<td>Admiss\u00e3o<\/td>\n<\/tr>\n<tr>\n<th>Cilindrada unit\u00e1ria<\/th>\n<td>449 cm\u00b3<\/td>\n<\/tr>\n<tr>\n<th>Acionamento do comando<\/th>\n<td>Corrente<\/td>\n<\/tr>\n<tr>\n<th>V\u00e1lvulas por cilindro<\/th>\n<td>4<\/td>\n<\/tr>\n<tr>\n<th>Di\u00e2metro do cilindro<\/th>\n<td>80,5 mm<\/td>\n<\/tr>\n<tr>\n<th>Raz\u00e3o de compress\u00e3o<\/th>\n<td>13:1<\/td>\n<\/tr>\n<tr>\n<th>Curso do pist\u00e3o<\/th>\n<td>88,3 mm<\/td>\n<\/tr>\n<tr>\n<th>Pot\u00eancia m\u00e1xima<\/th>\n<td>98 cv (\u00e1lcool) \/ 98 cv (gasolina) a 5.200 rpm<\/td>\n<\/tr>\n<tr>\n<th>Torque m\u00e1ximo<\/th>\n<td>14,5 kgfm (\u00e1lcool) \/ 14,5 kgfm (gasolina) a 3.600 rpm<\/td>\n<\/tr>\n<tr>\n<th>C\u00f3digo do motor<\/th>\n<td>2ZR-FXB<\/td>\n<\/tr>\n<tr>\n<th>Peso\/pot\u00eancia<\/th>\n<td>14,36 kg\/cv<\/td>\n<\/tr>\n<tr>\n<th>Torque espec\u00edfico<\/th>\n<td>8,1 kgfm\/litro<\/td>\n<\/tr>\n<tr>\n<th>Peso\/torque<\/th>\n<td>100,0 kg\/kgfm<\/td>\n<\/tr>\n<tr>\n<th>Pot\u00eancia espec\u00edfica<\/th>\n<td>56,2 cv\/litro<\/td>\n<\/tr>\n<tr>\n<th>Viscosidade do \u00f3leo<\/th>\n<td>0W-20 ou 5W-303<\/td>\n<\/tr>\n<\/table>\n<h3>Motor el\u00e9trico<\/h3>\n<table>\n<tr>\n<th>Pot\u00eancia<\/th>\n<td>72 cv<\/td>\n<\/tr>\n<tr>\n<th>Torque<\/th>\n<td>16,6 kgfm<\/td>\n<\/tr>\n<tr>\n<th>Pot\u00eancia combinada<\/th>\n<td>122 cv<\/td>\n<\/tr>\n<tr>\n<th>Capacidade da bateria<\/th>\n<td>1,3 kWh<\/td>\n<\/tr>\n<\/table>\n<h3>Transmiss\u00e3o<\/h3>\n<table>\n<tr>\n<th>Tipo<\/th>\n<td>C\u00e2mbio CVT<\/td>\n<\/tr>\n<tr>\n<th>Tra\u00e7\u00e3o<\/th>\n<td>Dianteira<\/td>\n<\/tr>\n<tr>\n<th>Marchas<\/th>\n<td>0<\/td>\n<\/tr>\n<tr>\n<th>C\u00f3digo do c\u00e2mbio<\/th>\n<td>P610<\/td>\n<\/tr>\n<tr>\n<th>Acoplamento<\/th>\n<td>Engrenagem epicicloidal<\/td>\n<\/tr>\n<\/table>\n<h3>Suspens\u00e3o<\/h3>\n<table>\n<tr>\n<th>Dianteira<\/th>\n<td>Independente, McPherson, mola helicoidal<\/td>\n<\/tr>\n<tr>\n<th>Traseira<\/th>\n<td>Eixo de tor\u00e7\u00e3o, mola helicoidal<\/td>\n<\/tr>\n<\/table>\n<h3>Freios<\/h3>\n<table>\n<tr>\n<th>Dianteiros<\/th>\n<td>Disco ventilado<\/td>\n<\/tr>\n<tr>\n<th>Traseiros<\/th>\n<td>Disco s\u00f3lido<\/td>\n<\/tr>\n<\/table>\n<h3>Dire\u00e7\u00e3o<\/h3>\n<table>\n<tr>\n<th>Assist\u00eancia<\/th>\n<td>El\u00e9trica<\/td>\n<\/tr>\n<tr>\n<th>Di\u00e2metro de giro<\/th>\n<td>11 m<\/td>\n<\/tr>\n<\/table>\n<h3>Pneus<\/h3>\n<table>\n<tr>\n<th>Medidas dianteiras<\/th>\n<td>225\/50 R18<\/td>\n<\/tr>\n<tr>\n<th>Medidas traseiras<\/th>\n<td>225\/50 R18<\/td>\n<\/tr>\n<tr>\n<th>Estepe<\/th>\n<td>155\/70 R17<\/td>\n<\/tr>\n<\/table>\n<h3>Dimens\u00f5es<\/h3>\n<table>\n<tr>\n<th>Largura<\/th>\n<td>1.825 mm<\/td>\n<\/tr>\n<tr>\n<th>Dist\u00e2ncia entre-eixos<\/th>\n<td>2.640 mm<\/td>\n<\/tr>\n<tr>\n<th>Altura<\/th>\n<td>1.620 mm<\/td>\n<\/tr>\n<tr>\n<th>Bitola dianteira<\/th>\n<td>1.559 mm<\/td>\n<\/tr>\n<tr>\n<th>Bitola traseira<\/th>\n<td>1.571 mm<\/td>\n<\/tr>\n<tr>\n<th>Porta-malas<\/th>\n<td>440 litros<\/td>\n<\/tr>\n<tr>\n<th>Tanque de combust\u00edvel<\/th>\n<td>36 litros<\/td>\n<\/tr>\n<tr>\n<th>Carga \u00fatil<\/th>\n<td>450 kg<\/td>\n<\/tr>\n<tr>\n<th>Reboque sem freio<\/th>\n<td>400 kg<\/td>\n<\/tr>\n<tr>\n<th>Reboque com freio<\/th>\n<td>400 kg<\/td>\n<\/tr>\n<tr>\n<th>\u00c2ngulo de entrada<\/th>\n<td>21 graus<\/td>\n<\/tr>\n<tr>\n<th>\u00c2ngulo de sa\u00edda<\/th>\n<td>36 graus<\/td>\n<\/tr>\n<tr>\n<th>Altura m\u00ednima do solo<\/th>\n<td>161 mm<\/td>\n<\/tr>\n<\/table>\n<h3>Desempenho<\/h3>\n<table>\n<tr>\n<th>Velocidade m\u00e1xima<\/th>\n<td>170 km\/h<\/td>\n<\/tr>\n<tr>\n<th>Acelera\u00e7\u00e3o 0\u2013100 km\/h<\/th>\n<td>13 s<\/td>\n<\/tr>\n<\/table>\n<h3>Consumo<\/h3>\n<table>\n<tr>\n<th>Urbano (\u00e1lcool)<\/th>\n<td>11,8 km\/l<\/td>\n<\/tr>\n<tr>\n<th>Rodovi\u00e1rio (\u00e1lcool)<\/th>\n<td>9,6 km\/l<\/td>\n<\/tr>\n<tr>\n<th>Urbano (gasolina)<\/th>\n<td>17 km\/l<\/td>\n<\/tr>\n<tr>\n<th>Rodovi\u00e1rio (gasolina)<\/th>\n<td>13,9 km\/l<\/td>\n<\/tr>\n<\/table>\n<h3>Autonomia<\/h3>\n<table>\n<tr>\n<th>Urbana (\u00e1lcool)<\/th>\n<td>425 km<\/td>\n<\/tr>\n<tr>\n<th>Rodovi\u00e1ria (\u00e1lcool)<\/th>\n<td>346 km<\/td>\n<\/tr>\n<tr>\n<th>Urbana (gasolina)<\/th>\n<td>612 km<\/td>\n<\/tr>\n<tr>\n<th>Rodovi\u00e1ria (gasolina)<\/th>\n<td>500 km<\/td>\n<\/tr>\n<\/table>\n<h2>Equipamentos do Toyota Corolla Cross Special Edition Hybrid 1.8 2022<\/h2>\n<h3>Seguran\u00e7a<\/h3>\n<table>\n<tr>\n<td>Freios ABS<\/td>\n<\/tr>\n<tr>\n<td>Airbags frontais<\/td>\n<\/tr>\n<tr>\n<td>Airbags laterais<\/td>\n<\/tr>\n<tr>\n<td>Airbags de cortina<\/td>\n<\/tr>\n<tr>\n<td>Alarme antifurto perim\u00e9trico<\/td>\n<\/tr>\n<tr>\n<td>Alarme antifurto volum\u00e9trico<\/td>\n<\/tr>\n<tr>\n<td>C\u00e2mera traseira para manobras<\/td>\n<\/tr>\n<tr>\n<td>Cintos de tr\u00eas pontos para todos os ocupantes<\/td>\n<\/tr>\n<tr>\n<td>Encosto de cabe\u00e7a para todos os ocupantes<\/td>\n<\/tr>\n<tr>\n<td>Controle de estabilidade<\/td>\n<\/tr>\n<tr>\n<td>Controle de tra\u00e7\u00e3o<\/td>\n<\/tr>\n<tr>\n<td>Far\u00f3is de LED<\/td>\n<\/tr>\n<tr>\n<td>Far\u00f3is com refletores duplos<\/td>\n<\/tr>\n<tr>\n<td>Far\u00f3is com regulagem de altura<\/td>\n<\/tr>\n<tr>\n<td>Far\u00f3is de neblina<\/td>\n<\/tr>\n<tr>\n<td>Limpador e lavador do vidro traseiro<\/td>\n<\/tr>\n<tr>\n<td>Luz traseira de neblina<\/td>\n<\/tr>\n<tr>\n<td>Repetidores laterais das luzes de dire\u00e7\u00e3o<\/td>\n<\/tr>\n<tr>\n<td>Travamento central das portas<\/td>\n<\/tr>\n<tr>\n<td>Luz de condu\u00e7\u00e3o diurna<\/td>\n<\/tr>\n<tr>\n<td>Desemba\u00e7ador do vidro traseiro<\/td>\n<\/tr>\n<tr>\n<td>ISOFIX para fixa\u00e7\u00e3o de cadeira infantil<\/td>\n<\/tr>\n<tr>\n<td>Alerta de colis\u00e3o frontal<\/td>\n<\/tr>\n<tr>\n<td>Alerta de tr\u00e1fego cruzado traseiro<\/td>\n<\/tr>\n<tr>\n<td>Assistente de partida em rampa<\/td>\n<\/tr>\n<tr>\n<td>Sensores de estacionamento dianteiro<\/td>\n<\/tr>\n<tr>\n<td>Sensores de estacionamento traseiro<\/td>\n<\/tr>\n<tr>\n<td>Assistente de farol alto<\/td>\n<\/tr>\n<tr>\n<td>Alerta de ponto cego<\/td>\n<\/tr>\n<tr>\n<td>Alerta de mudan\u00e7a de faixa<\/td>\n<\/tr>\n<tr>\n<td>Assistente de perman\u00eancia em faixa<\/td>\n<\/tr>\n<tr>\n<td>Frenagem autom\u00e1tica de emerg\u00eancia<\/td>\n<\/tr>\n<tr>\n<td>Freios a disco nas quatro rodas<\/td>\n<\/tr>\n<tr>\n<td>Estepe<\/td>\n<\/tr>\n<\/table>\n<h3>Conforto<\/h3>\n<table>\n<tr>\n<td>Ar-condicionado<\/td>\n<\/tr>\n<tr>\n<td>Controle autom\u00e1tico de temperatura<\/td>\n<\/tr>\n<tr>\n<td>Zonas de ar-condicionado: 2<\/td>\n<\/tr>\n<tr>\n<td>Ar quente<\/td>\n<\/tr>\n<tr>\n<td>Sa\u00edda de ar para o banco traseiro<\/td>\n<\/tr>\n<tr>\n<td>Dire\u00e7\u00e3o assistida<\/td>\n<\/tr>\n<tr>\n<td>Banco do motorista com ajuste de altura<\/td>\n<\/tr>\n<tr>\n<td>Apoio de bra\u00e7o para o motorista<\/td>\n<\/tr>\n<tr>\n<td>Apoio de bra\u00e7o central no banco traseiro<\/td>\n<\/tr>\n<tr>\n<td>C\u00e2mbio autom\u00e1tico<\/td>\n<\/tr>\n<tr>\n<td>Ajuste do volante em altura<\/td>\n<\/tr>\n<tr>\n<td>Ajuste do volante em profundidade<\/td>\n<\/tr>\n<tr>\n<td>Cintos de seguran\u00e7a com ajuste de altura<\/td>\n<\/tr>\n<tr>\n<td>Bancos revestidos em couro<\/td>\n<\/tr>\n<tr>\n<td>Banco do motorista com ajuste el\u00e9trico<\/td>\n<\/tr>\n<tr>\n<td>Controle autom\u00e1tico de velocidade<\/td>\n<\/tr>\n<tr>\n<td>Controle de velocidade adaptativo<\/td>\n<\/tr>\n<tr>\n<td>Controle el\u00e9trico dos vidros dianteiros<\/td>\n<\/tr>\n<tr>\n<td>Controle el\u00e9trico dos vidros traseiros<\/td>\n<\/tr>\n<tr>\n<td>Far\u00f3is com acendimento autom\u00e1tico<\/td>\n<\/tr>\n<tr>\n<td>Limpador de para-brisa autom\u00e1tico<\/td>\n<\/tr>\n<tr>\n<td>Ajuste el\u00e9trico dos retrovisores<\/td>\n<\/tr>\n<tr>\n<td>Retrovisores rebativeis eletricamente<\/td>\n<\/tr>\n<tr>\n<td>Retrovisor interno fotocr\u00f4mico<\/td>\n<\/tr>\n<tr>\n<td>Rodas de liga leve<\/td>\n<\/tr>\n<tr>\n<td>Teto solar el\u00e9trico<\/td>\n<\/tr>\n<tr>\n<td>Banco traseiro bipartido<\/td>\n<\/tr>\n<tr>\n<td>Banco traseiro rebat\u00edvel<\/td>\n<\/tr>\n<tr>\n<td>Banco traseiro reclin\u00e1vel<\/td>\n<\/tr>\n<tr>\n<td>Destravamento interno\/remoto do porta-malas<\/td>\n<\/tr>\n<tr>\n<td>Luz no porta-malas<\/td>\n<\/tr>\n<tr>\n<td>Luz de teto traseira<\/td>\n<\/tr>\n<tr>\n<td>Destravamento interno da tampa de combust\u00edvel<\/td>\n<\/tr>\n<tr>\n<td>Chave presencial<\/td>\n<\/tr>\n<tr>\n<td>Sistema start-stop<\/td>\n<\/tr>\n<tr>\n<td>Recupera\u00e7\u00e3o de energia cin\u00e9tica<\/td>\n<\/tr>\n<tr>\n<td>Al\u00e7as de seguran\u00e7a no teto<\/td>\n<\/tr>\n<\/table>\n<h3>Infotenimento<\/h3>\n<table>\n<tr>\n<td>R\u00e1dio<\/td>\n<\/tr>\n<tr>\n<td>Conex\u00e3o USB<\/td>\n<\/tr>\n<tr>\n<td>Conex\u00e3o Bluetooth<\/td>\n<\/tr>\n<tr>\n<td>Tomada de 12 volts<\/td>\n<\/tr>\n<tr>\n<td>Volante multifuncional<\/td>\n<\/tr>\n<tr>\n<td>Computador de bordo<\/td>\n<\/tr>\n<tr>\n<td>Term\u00f4metro do l\u00edquido de arrefecimento<\/td>\n<\/tr>\n<tr>\n<td>Indicador de temperatura externa<\/td>\n<\/tr>\n<tr>\n<td>Espelhamento da tela do celular<\/td>\n<\/tr>\n<tr>\n<td>Carregador de celular por indu\u00e7\u00e3o<\/td>\n<\/tr>\n<\/table>\n<div id=\"faq-toyota-corolla-cross-2022\" class=\"faqbox\">\n<h2>Perguntas frequentes sobre o Toyota Corolla Cross Special Edition Hybrid 1.8 2022<\/h2>\n<h3>Qual o consumo do Toyota Corolla Cross Special Edition Hybrid 1.8 2022?<\/h3>\n<p>O Corolla Cross h\u00edbrido tem desempenho eficiente no consumo. Abastecido com gasolina, faz at\u00e9 17 km\/l na cidade e 13,9 km\/l na estrada. Quando utiliza etanol, o consumo \u00e9 de 11,8 km\/l em percurso urbano e 9,6 km\/l em rodovia, n\u00fameros que mostram um bom equil\u00edbrio entre economia e conforto para um SUV m\u00e9dio de tra\u00e7\u00e3o dianteira e c\u00e2mbio CVT.<\/p>\n<h3>Qual o pre\u00e7o do Toyota Corolla Cross Special Edition Hybrid 1.8 2022?<\/h3>\n<p>O pre\u00e7o aproximado do Toyota Corolla Cross Special Edition Hybrid 1.8 2022 \u00e9 de R$ 151.164. O valor reflete sua proposta de SUV m\u00e9dio h\u00edbrido com foco em efici\u00eancia, conforto e pacote de seguran\u00e7a completo. Embora n\u00e3o seja o mais barato da categoria, entrega boa tecnologia e custo de uso competitivo para quem busca um modelo h\u00edbrido nacional confi\u00e1vel.<\/p>\n<h3>O Toyota Corolla Cross Special Edition Hybrid 1.8 2022 \u00e9 bom para estrada?<\/h3>\n<p>Sim, o Corolla Cross h\u00edbrido se comporta bem na estrada. Apesar do desempenho moderado, com 122 cv de pot\u00eancia combinada, o conjunto h\u00edbrido trabalha de forma suave e silenciosa. A dire\u00e7\u00e3o el\u00e9trica leve e o conforto da suspens\u00e3o garantem estabilidade e seguran\u00e7a em velocidades de cruzeiro, tornando as viagens agrad\u00e1veis e econ\u00f4micas.<\/p>\n<h3>Quantos km o Toyota Corolla Cross Special Edition Hybrid 1.8 2022 faz com um tanque?<\/h3>\n<p>Com tanque de 36 litros, o Corolla Cross h\u00edbrido pode rodar at\u00e9 cerca de 612 km na gasolina em ciclo urbano. No uso rodovi\u00e1rio, a autonomia fica pr\u00f3xima de 500 km. J\u00e1 com etanol, a m\u00e9dia \u00e9 de aproximadamente 425 km na cidade. Essa autonomia refor\u00e7a o foco do modelo em efici\u00eancia e baixo consumo em diferentes condi\u00e7\u00f5es de uso.<\/p>\n<h3>Quais os principais equipamentos de seguran\u00e7a do Toyota Corolla Cross Special Edition Hybrid 1.8 2022?<\/h3>\n<p>O Corolla Cross vem equipado com um pacote de seguran\u00e7a completo, que inclui freios a disco nas quatro rodas, controle de tra\u00e7\u00e3o e estabilidade, alerta de colis\u00e3o frontal, frenagem autom\u00e1tica de emerg\u00eancia, alerta de ponto cego e assistente de perman\u00eancia em faixa. O modelo tamb\u00e9m traz oito airbags e ISOFIX para fixa\u00e7\u00e3o de cadeirinhas infantis.<\/p>\n<h3>Vale a pena comprar o Toyota Corolla Cross Special Edition Hybrid 1.8 2022?<\/h3>\n<p>O Corolla Cross h\u00edbrido vale a pena para quem busca economia de combust\u00edvel e conforto no uso di\u00e1rio. Seu conjunto h\u00edbrido entrega baixo consumo e condu\u00e7\u00e3o suave, enquanto o interior oferece bom espa\u00e7o e acabamento de qualidade. O pacote de seguran\u00e7a \u00e9 um dos mais completos da categoria, refor\u00e7ando a proposta de SUV familiar equilibrado.<\/p>\n<h3>Como \u00e9 o desempenho do Toyota Corolla Cross Special Edition Hybrid 1.8 2022?<\/h3>\n<p>O Corolla Cross h\u00edbrido entrega 122 cv combinados entre motor a combust\u00e3o e el\u00e9trico, com acelera\u00e7\u00e3o de 0 a 100 km\/h em 13 segundos. N\u00e3o \u00e9 um SUV voltado \u00e0 esportividade, mas o conjunto mostra efici\u00eancia e fluidez na condu\u00e7\u00e3o urbana. O c\u00e2mbio CVT contribui para trocas suaves e ajuda a manter o consumo em n\u00edveis bastante competitivos.<\/p>\n<\/div>\n","protected":false},"excerpt":{"rendered":"<p>Ficha T\u00e9cnica do Toyota Corolla Cross Special Edition Hybrid 1.8 2022 Geral Ano 2022 Propuls\u00e3o H\u00edbrido Combust\u00edvel Flex (\u00e1lcool\/gasolina) Proced\u00eancia Nacional Configura\u00e7\u00e3o SUV Porte M\u00e9dio Lugares 5 Portas 4 Plataforma TNGA Plataforma TNGA Pre\u00e7o Aproximado Valor aproximado R$ 151.164 Motor Instala\u00e7\u00e3o Dianteiro Aspira\u00e7\u00e3o Natural Disposi\u00e7\u00e3o Transversal Alimenta\u00e7\u00e3o Inje\u00e7\u00e3o multiponto Cilindros 4 em linha Comando de [&hellip;]<\/p>\n","protected":false},"author":1,"featured_media":0,"parent":964,"menu_order":0,"comment_status":"closed","ping_status":"closed","template":"","meta":{"footnotes":""},"class_list":["post-1279","page","type-page","status-publish","hentry"],"_links":{"self":[{"href":"https:\/\/carro.blog.br\/ficha-tecnica\/wp-json\/wp\/v2\/pages\/1279","targetHints":{"allow":["GET"]}}],"collection":[{"href":"https:\/\/carro.blog.br\/ficha-tecnica\/wp-json\/wp\/v2\/pages"}],"about":[{"href":"https:\/\/carro.blog.br\/ficha-tecnica\/wp-json\/wp\/v2\/types\/page"}],"author":[{"embeddable":true,"href":"https:\/\/carro.blog.br\/ficha-tecnica\/wp-json\/wp\/v2\/users\/1"}],"replies":[{"embeddable":true,"href":"https:\/\/carro.blog.br\/ficha-tecnica\/wp-json\/wp\/v2\/comments?post=1279"}],"version-history":[{"count":1,"href":"https:\/\/carro.blog.br\/ficha-tecnica\/wp-json\/wp\/v2\/pages\/1279\/revisions"}],"predecessor-version":[{"id":1295,"href":"https:\/\/carro.blog.br\/ficha-tecnica\/wp-json\/wp\/v2\/pages\/1279\/revisions\/1295"}],"up":[{"embeddable":true,"href":"https:\/\/carro.blog.br\/ficha-tecnica\/wp-json\/wp\/v2\/pages\/964"}],"wp:attachment":[{"href":"https:\/\/carro.blog.br\/ficha-tecnica\/wp-json\/wp\/v2\/media?parent=1279"}],"curies":[{"name":"wp","href":"https:\/\/api.w.org\/{rel}","templated":true}]}}