{"id":79,"date":"2025-11-07T20:03:28","date_gmt":"2025-11-07T23:03:28","guid":{"rendered":"https:\/\/carro.blog.br\/ficha-tecnica\/?page_id=79"},"modified":"2025-12-21T19:42:47","modified_gmt":"2025-12-21T22:42:47","slug":"volkswagen-tera-2026","status":"publish","type":"page","link":"https:\/\/carro.blog.br\/ficha-tecnica\/volkswagen\/volkswagen-tera\/volkswagen-tera-2026","title":{"rendered":"Volkswagen Tera 2026"},"content":{"rendered":"<p><iframe loading=\"lazy\" width=\"1840\" height=\"1035\" src=\"https:\/\/www.youtube.com\/embed\/In_cLlqEe6o\" title=\"VOLKSWAGEN TERA: pre\u00e7os, vers\u00f5es, equipamentos, desempenho, consumo e TUDO sobre o SUV DE ENTRADA\" frameborder=\"0\" allow=\"accelerometer; autoplay; clipboard-write; encrypted-media; gyroscope; picture-in-picture; web-share\" referrerpolicy=\"strict-origin-when-cross-origin\" allowfullscreen><\/iframe><\/p>\n<ul>\n<li><a href=\"https:\/\/carro.blog.br\/ficha-tecnica\/volkswagen\/volkswagen-tera\/volkswagen-tera-2026\/volkswagen-tera-1-0-mpi-2026-preco-ficha-tecnica-consumo-equipamentos-e-fotos-suv-faz-ate-147-km-l\">VW Tera 1.0 MPI 2026<\/a> (005557-3)<\/li>\n<li><a href=\"https:\/\/carro.blog.br\/ficha-tecnica\/volkswagen\/volkswagen-tera\/volkswagen-tera-2026\/volkswagen-tera-1-0-tsi-2026\">VW Tera 1.0 170 TSI 2026<\/a> (005554-9)<\/li>\n<li><a href=\"https:\/\/carro.blog.br\/ficha-tecnica\/volkswagen\/volkswagen-tera\/volkswagen-tera-2026\/volkswagen-tera-comfort-1-0-tsi-2026\">VW Tera Comfort 1.0 170 TSI AUT 2026<\/a> (005555-7)<\/li>\n<li><a href=\"https:\/\/carro.blog.br\/ficha-tecnica\/volkswagen\/volkswagen-tera\/volkswagen-tera-high-1-0-tsi-2026-preco-ficha-tecnica-consumo-equipamentos-e-fotos\">VW Tera High 1.0 170 TSI AUT 2026<\/a> (005556-5)<\/li>\n<\/ul>\n<h2>Volkswagen Tera \u00e9 produzido no Brasil<\/h2>\n<figure id=\"attachment_80\" aria-describedby=\"caption-attachment-80\" style=\"width: 1800px\" class=\"wp-caption aligncenter\"><img loading=\"lazy\" decoding=\"async\" src=\"https:\/\/carro.blog.br\/ficha-tecnica\/wp-content\/uploads\/2025\/11\/Volkswagen-Tera-Tera-High-2025-2026-SUVW-11-1800x1124-2.webp\" alt=\"O Volkswagen Tera virou destaque ao somar quase 40 mil unidades e disputar a lideran\u00e7a. Com design marcante, baixo consumo e pacote robusto, o SUV se tornou o favorito do p\u00fablico.\" width=\"1800\" height=\"1124\" class=\"size-full wp-image-80\" srcset=\"https:\/\/carro.blog.br\/ficha-tecnica\/wp-content\/uploads\/2025\/11\/Volkswagen-Tera-Tera-High-2025-2026-SUVW-11-1800x1124-2-350x219.webp 350w, https:\/\/carro.blog.br\/ficha-tecnica\/wp-content\/uploads\/2025\/11\/Volkswagen-Tera-Tera-High-2025-2026-SUVW-11-1800x1124-2-150x94.webp 150w\" sizes=\"auto, (max-width: 1800px) 100vw, 1800px\" \/><figcaption id=\"caption-attachment-80\" class=\"wp-caption-text\">O Volkswagen Tera virou destaque ao somar quase 40 mil unidades e disputar a lideran\u00e7a. Com design marcante, baixo consumo e pacote robusto, o SUV se tornou o favorito do p\u00fablico.<\/figcaption><\/figure>\n<p>O Volkswagen Tera \u00e9 um SUV compacto desenvolvido especificamente para o mercado brasileiro, fabricado na planta de Taubat\u00e9 (SP). Ele foi projetado para ocupar a posi\u00e7\u00e3o entre o Polo Track e o T-Cross, oferecendo dimens\u00f5es equilibradas que combinam a praticidade urbana com a robustez caracter\u00edstica dos utilit\u00e1rios. Sua carroceria apresenta linhas marcantes, cap\u00f4 elevado e elementos de design que remetem a modelos maiores da marca, como o Tiguan.<\/p>\n<p>No interior, o Tera aposta em conforto e tecnologia. O modelo traz painel digital nas vers\u00f5es mais completas, central multim\u00eddia com conectividade ampla, carregador de celular por indu\u00e7\u00e3o e acabamento que mescla materiais modernos. O espa\u00e7o interno \u00e9 suficiente para acomodar bem cinco ocupantes, enquanto o porta-malas tem capacidade adequada para atender fam\u00edlias e usu\u00e1rios que necessitam de versatilidade no dia a dia.<\/p>\n<p>Na parte mec\u00e2nica, o Tera oferece op\u00e7\u00f5es de motores que priorizam tanto a economia quanto o desempenho, sempre associados \u00e0 plataforma MQB A0, conhecida pela rigidez estrutural e efici\u00eancia. Em seguran\u00e7a, conta com seis airbags, controles eletr\u00f4nicos de estabilidade e tra\u00e7\u00e3o, al\u00e9m de recursos de assist\u00eancia \u00e0 condu\u00e7\u00e3o. Esses atributos tornam o Tera uma alternativa relevante no segmento de SUVs compactos nacionais.<\/p>\n","protected":false},"excerpt":{"rendered":"<p>VW Tera 1.0 MPI 2026 (005557-3) VW Tera 1.0 170 TSI 2026 (005554-9) VW Tera Comfort 1.0 170 TSI AUT 2026 (005555-7) VW Tera High 1.0 170 TSI AUT 2026 (005556-5) Volkswagen Tera \u00e9 produzido no Brasil O Volkswagen Tera \u00e9 um SUV compacto desenvolvido especificamente para o mercado brasileiro, fabricado na planta de Taubat\u00e9 [&hellip;]<\/p>\n","protected":false},"author":1,"featured_media":0,"parent":76,"menu_order":0,"comment_status":"closed","ping_status":"closed","template":"","meta":{"footnotes":""},"class_list":["post-79","page","type-page","status-publish","hentry"],"_links":{"self":[{"href":"https:\/\/carro.blog.br\/ficha-tecnica\/wp-json\/wp\/v2\/pages\/79","targetHints":{"allow":["GET"]}}],"collection":[{"href":"https:\/\/carro.blog.br\/ficha-tecnica\/wp-json\/wp\/v2\/pages"}],"about":[{"href":"https:\/\/carro.blog.br\/ficha-tecnica\/wp-json\/wp\/v2\/types\/page"}],"author":[{"embeddable":true,"href":"https:\/\/carro.blog.br\/ficha-tecnica\/wp-json\/wp\/v2\/users\/1"}],"replies":[{"embeddable":true,"href":"https:\/\/carro.blog.br\/ficha-tecnica\/wp-json\/wp\/v2\/comments?post=79"}],"version-history":[{"count":7,"href":"https:\/\/carro.blog.br\/ficha-tecnica\/wp-json\/wp\/v2\/pages\/79\/revisions"}],"predecessor-version":[{"id":6081,"href":"https:\/\/carro.blog.br\/ficha-tecnica\/wp-json\/wp\/v2\/pages\/79\/revisions\/6081"}],"up":[{"embeddable":true,"href":"https:\/\/carro.blog.br\/ficha-tecnica\/wp-json\/wp\/v2\/pages\/76"}],"wp:attachment":[{"href":"https:\/\/carro.blog.br\/ficha-tecnica\/wp-json\/wp\/v2\/media?parent=79"}],"curies":[{"name":"wp","href":"https:\/\/api.w.org\/{rel}","templated":true}]}}