{"id":964,"date":"2025-11-10T13:19:54","date_gmt":"2025-11-10T16:19:54","guid":{"rendered":"https:\/\/carro.blog.br\/ficha-tecnica\/?page_id=964"},"modified":"2025-12-05T09:14:11","modified_gmt":"2025-12-05T12:14:11","slug":"toyota-corolla-cross-2022","status":"publish","type":"page","link":"https:\/\/carro.blog.br\/ficha-tecnica\/toyota\/toyota-corolla-cross\/toyota-corolla-cross-2022","title":{"rendered":"Toyota Corolla Cross 2022"},"content":{"rendered":"<ul>\n<li><a href=\"https:\/\/carro.blog.br\/ficha-tecnica\/toyota\/toyota-corolla-cross\/toyota-corolla-cross-2022\/toyota-corolla-cross-xr-2-0-2022-preco-ficha-tecnica-consumo-equipamentos-e-fotos\">Toyota Corolla Cross 2.0 XR 2022<\/a> (002201-2)<\/li>\n<li><a href=\"https:\/\/carro.blog.br\/ficha-tecnica\/toyota\/toyota-corolla-cross\/toyota-corolla-cross-2022\/toyota-corolla-cross-xre-2-0-2022\">Toyota Corolla Cross 2.0 XRE 2022<\/a> (002203-9)<\/li>\n<li><a href=\"https:\/\/carro.blog.br\/toyota-corolla-cross-xrv-hybrid-1-8-2022-preco-ficha-tecnica-consumo-equipamentos-e-fotos-suv-hibrido-prioriza-economia-urbana-e-conforto-familiar.html\">Toyota Corolla Cross 1.8 HYBRID FLEX XRV 2022<\/a> (002200-4)<\/li>\n<li><a href=\"https:\/\/carro.blog.br\/toyota-corolla-cross-xrx-hybrid-1-8-2022-ficha-tecnica-preco-e-fotos-do-suv-hibrido-que-faz-ate-17-km-l.html\">Toyota Corolla Cross 1.8 Hybrid 2022<\/a> (002204-7)<\/li>\n<li><a href=\"https:\/\/carro.blog.br\/ficha-tecnica\/toyota\/toyota-corolla-cross\/toyota-corolla-cross-2022\/toyota-corolla-cross-special-edition-hybrid-1-8-2022-preco-ficha-tecnica-consumo-equipamentos-e-fotos\">Toyota Corolla Cross 1.8 HYBRID Special Edition 2022<\/a> (002202-0)<\/li>\n<\/ul>\n<h2>Toyota Corolla Cross 2022 versatilidade em vers\u00f5es h\u00edbridas e a combust\u00e3o<\/h2>\n<figure id=\"attachment_184655\" aria-describedby=\"caption-attachment-184655\" style=\"width: 900px\" class=\"wp-caption aligncenter\"><img loading=\"lazy\" decoding=\"async\" src=\"https:\/\/carro.blog.br\/wp-content\/uploads\/2025\/09\/Toyota-Corolla-Cross-2022-900x504.webp\" alt=\"O Corolla Cross 2022 oferece vers\u00f5es 2.0 Flex para quem busca desempenho e viagens, e h\u00edbridas 1.8 que priorizam economia no uso urbano e tecnologia limpa.\" width=\"900\" height=\"504\" class=\"size-thumbnail wp-image-184655\" \/><figcaption id=\"caption-attachment-184655\" class=\"wp-caption-text\">O Corolla Cross 2022 oferece vers\u00f5es 2.0 Flex para quem busca desempenho e viagens, e h\u00edbridas 1.8 que priorizam economia no uso urbano e tecnologia limpa.<\/figcaption><\/figure>\n<p>O Toyota Corolla Cross 2022 \u00e9 um SUV que ganhou relev\u00e2ncia no mercado nacional por reunir a confiabilidade da marca com op\u00e7\u00f5es que atendem diferentes perfis de motoristas. Constru\u00eddo sobre a plataforma TNGA, ele combina dimens\u00f5es adequadas para uso urbano com conforto em viagens, oferecendo porta-malas generoso e bom espa\u00e7o interno para a fam\u00edlia.<\/p>\n<p>No mercado de autom\u00f3veis do Brasil, o Corolla Cross 2022 se consolidou como um dos modelos mais procurados do segmento, rivalizando diretamente com Jeep Compass e outros SUVs m\u00e9dios. Sua ampla rede de concession\u00e1rias e a reconhecida durabilidade dos produtos da Toyota contribuem para que mantenha alto valor de revenda e seja uma escolha recorrente para quem busca praticidade e economia, especialmente nas vers\u00f5es h\u00edbridas.<\/p>\n<p>As vers\u00f5es dispon\u00edveis s\u00e3o variadas: os modelos 2.0 VVT-IE FLEX XR e XRE atendem quem busca desempenho e uso vers\u00e1til em cidade e estrada, enquanto as vers\u00f5es 1.8 VVT-I HYBRID FLEX XRV, XRX e Special Edition s\u00e3o focadas em efici\u00eancia energ\u00e9tica e menor consumo, ideais para motoristas urbanos e para quem deseja aderir \u00e0 eletrifica\u00e7\u00e3o de forma acess\u00edvel.<\/p>\n","protected":false},"excerpt":{"rendered":"<p>Toyota Corolla Cross 2.0 XR 2022 (002201-2) Toyota Corolla Cross 2.0 XRE 2022 (002203-9) Toyota Corolla Cross 1.8 HYBRID FLEX XRV 2022 (002200-4) Toyota Corolla Cross 1.8 Hybrid 2022 (002204-7) Toyota Corolla Cross 1.8 HYBRID Special Edition 2022 (002202-0) Toyota Corolla Cross 2022 versatilidade em vers\u00f5es h\u00edbridas e a combust\u00e3o O Toyota Corolla Cross 2022 [&hellip;]<\/p>\n","protected":false},"author":1,"featured_media":0,"parent":21,"menu_order":0,"comment_status":"closed","ping_status":"closed","template":"","meta":{"footnotes":""},"class_list":["post-964","page","type-page","status-publish","hentry"],"_links":{"self":[{"href":"https:\/\/carro.blog.br\/ficha-tecnica\/wp-json\/wp\/v2\/pages\/964","targetHints":{"allow":["GET"]}}],"collection":[{"href":"https:\/\/carro.blog.br\/ficha-tecnica\/wp-json\/wp\/v2\/pages"}],"about":[{"href":"https:\/\/carro.blog.br\/ficha-tecnica\/wp-json\/wp\/v2\/types\/page"}],"author":[{"embeddable":true,"href":"https:\/\/carro.blog.br\/ficha-tecnica\/wp-json\/wp\/v2\/users\/1"}],"replies":[{"embeddable":true,"href":"https:\/\/carro.blog.br\/ficha-tecnica\/wp-json\/wp\/v2\/comments?post=964"}],"version-history":[{"count":6,"href":"https:\/\/carro.blog.br\/ficha-tecnica\/wp-json\/wp\/v2\/pages\/964\/revisions"}],"predecessor-version":[{"id":3949,"href":"https:\/\/carro.blog.br\/ficha-tecnica\/wp-json\/wp\/v2\/pages\/964\/revisions\/3949"}],"up":[{"embeddable":true,"href":"https:\/\/carro.blog.br\/ficha-tecnica\/wp-json\/wp\/v2\/pages\/21"}],"wp:attachment":[{"href":"https:\/\/carro.blog.br\/ficha-tecnica\/wp-json\/wp\/v2\/media?parent=964"}],"curies":[{"name":"wp","href":"https:\/\/api.w.org\/{rel}","templated":true}]}}